{"id":48545,"date":"2021-11-29T13:59:03","date_gmt":"2021-11-29T13:59:03","guid":{"rendered":"https:\/\/the7.io\/brand-shop\/?page_id=48545"},"modified":"2023-12-07T09:30:02","modified_gmt":"2023-12-07T08:30:02","slug":"cesta-pitanja","status":"publish","type":"page","link":"https:\/\/perfektspa.com\/index.php\/cesta-pitanja\/","title":{"rendered":"\u010cesta pitanja"},"content":{"rendered":"\t\t<div data-elementor-type=\"wp-page\" data-elementor-id=\"48545\" class=\"elementor elementor-48545\" data-elementor-post-type=\"page\">\n\t\t\t\t\t\t<section class=\"elementor-section elementor-top-section elementor-element elementor-element-893d5ac elementor-section-boxed elementor-section-height-default elementor-section-height-default\" data-id=\"893d5ac\" data-element_type=\"section\" data-e-type=\"section\">\n\t\t\t\t\t\t<div class=\"elementor-container elementor-column-gap-wide\">\n\t\t\t\t\t<div class=\"elementor-column elementor-col-100 elementor-top-column elementor-element elementor-element-30d6aaa\" data-id=\"30d6aaa\" data-element_type=\"column\" data-e-type=\"column\">\n\t\t\t<div class=\"elementor-widget-wrap elementor-element-populated\">\n\t\t\t\t\t\t<div class=\"elementor-element elementor-element-594e2fc elementor-widget elementor-widget-the7-accordion\" data-id=\"594e2fc\" data-element_type=\"widget\" data-e-type=\"widget\" data-widget_type=\"the7-accordion.default\">\n\t\t\t\t<div class=\"elementor-widget-container\">\n\t\t\t\t\t\t\t<div class=\"elementor-accordion the7-adv-accordion ac_bb_active_title ac_left_right_borders\" data-accordion-type=\"accordion\" role=\"tablist\">\n\t\t\t\t\t\t\t<div class=\"elementor-accordion-item\">\n\t\t\t\t\t<h4 id=\"elementor-tab-title-9361\" class=\"elementor-tab-title the7-accordion-header deactive-default\" data-tab=\"1\" role=\"tab\" aria-controls=\"elementor-tab-content-9361\">\n\n\t\t\t\t\t\t\t\t\t\t\t\t\t<span class=\"elementor-accordion-icon elementor-accordion-icon-right\" aria-hidden=\"true\">\n\t\t\t\t\t\t\t\t\t\t\t\t\t\t\t<span class=\"elementor-accordion-icon-closed\"><i class=\"fas fa-caret-down\"><\/i><\/span>\n\t\t\t\t\t\t\t\t\t\t\t\t\t\t\t\t\t<span class=\"elementor-accordion-icon-opened\"><i class=\"fas fa-caret-up\"><\/i><\/span>\n\t\t\t\t\t\t\t\t\t\t\t\t\t\t\t\t\t\t\t\t\t\t<\/span>\n\t\t\t\t\t\t\t\t\t\t\t\t\t\t\t\t\t\t<a class=\"elementor-accordion-title\" href=\"\">Dali je potrebno dovoditi vodu i kanalizacionu mre\u017eu do hidromasa\u017enog bazena?<\/a>\n\t\t\t\t\t<\/h4>\n\t\t\t\t\t<div id=\"elementor-tab-content-9361\" class=\"elementor-tab-content elementor-clearfix deactive-default\" data-tab=\"1\" role=\"tabpanel\" aria-labelledby=\"elementor-tab-title-9361\"><p style=\"text-align: justify;\">Ne, nije potrebno. Na modelima PERFECTSPA postoji dodatna opcija za ugradnju sistema za automatsko dopunjavanje i pra\u017enjenje vode, u tom slu\u010daju na mjestu instalacije hidromasa\u017enog bazena treba obezbjediti vodu i kanalizacioni odvod. Ova opcija je pogodna kod ugradnje hidromasa\u017enog bazena u zatvoren prostor i za ugostiteljske objekte (hotele, SPA centre, apartmane, vikendice).<\/p><\/div>\n\t\t\t\t<\/div>\n\t\t\t\t\t\t\t<div class=\"elementor-accordion-item\">\n\t\t\t\t\t<h4 id=\"elementor-tab-title-9362\" class=\"elementor-tab-title the7-accordion-header\" data-tab=\"2\" role=\"tab\" aria-controls=\"elementor-tab-content-9362\">\n\n\t\t\t\t\t\t\t\t\t\t\t\t\t<span class=\"elementor-accordion-icon elementor-accordion-icon-right\" aria-hidden=\"true\">\n\t\t\t\t\t\t\t\t\t\t\t\t\t\t\t<span class=\"elementor-accordion-icon-closed\"><i class=\"fas fa-caret-down\"><\/i><\/span>\n\t\t\t\t\t\t\t\t\t\t\t\t\t\t\t\t\t<span class=\"elementor-accordion-icon-opened\"><i class=\"fas fa-caret-up\"><\/i><\/span>\n\t\t\t\t\t\t\t\t\t\t\t\t\t\t\t\t\t\t\t\t\t\t<\/span>\n\t\t\t\t\t\t\t\t\t\t\t\t\t\t\t\t\t\t<a class=\"elementor-accordion-title\" href=\"\">Kako se kontroli\u0161e temperatura?<\/a>\n\t\t\t\t\t<\/h4>\n\t\t\t\t\t<div id=\"elementor-tab-content-9362\" class=\"elementor-tab-content elementor-clearfix\" data-tab=\"2\" role=\"tabpanel\" aria-labelledby=\"elementor-tab-title-9362\"><p style=\"text-align: justify;\">Ve\u0107ina kvalitetnih hidromasa\u017enih bazena ima relativno sofisticirane digitalne termostatske senzore. Ovi visoko pouzdani moderni sistemi sposobni su da odr\u017ee temperaturu vode u hidromasa\u017enom bazenu unutar jednog stepena razlike od bilo koje temperature koju izaberete. Iako je to va\u017eno za udobnost, tako\u0111e je bitno i za bezbjednost. Trebalo bi da obratite posebnu pa\u017enju na kontrolni sistem ako imate djecu koja\u00a0\u0107e koristiti hidromasa\u017eni bazen. Bolji sistemi imaju digitalna o\u010ditavanja i mogu\u0107nost zaklju\u010davanja dodatnih opcija.<\/p><\/div>\n\t\t\t\t<\/div>\n\t\t\t\t\t\t\t<div class=\"elementor-accordion-item\">\n\t\t\t\t\t<h4 id=\"elementor-tab-title-9363\" class=\"elementor-tab-title the7-accordion-header\" data-tab=\"3\" role=\"tab\" aria-controls=\"elementor-tab-content-9363\">\n\n\t\t\t\t\t\t\t\t\t\t\t\t\t<span class=\"elementor-accordion-icon elementor-accordion-icon-right\" aria-hidden=\"true\">\n\t\t\t\t\t\t\t\t\t\t\t\t\t\t\t<span class=\"elementor-accordion-icon-closed\"><i class=\"fas fa-caret-down\"><\/i><\/span>\n\t\t\t\t\t\t\t\t\t\t\t\t\t\t\t\t\t<span class=\"elementor-accordion-icon-opened\"><i class=\"fas fa-caret-up\"><\/i><\/span>\n\t\t\t\t\t\t\t\t\t\t\t\t\t\t\t\t\t\t\t\t\t\t<\/span>\n\t\t\t\t\t\t\t\t\t\t\t\t\t\t\t\t\t\t<a class=\"elementor-accordion-title\" href=\"\">Kolika je garancija?<\/a>\n\t\t\t\t\t<\/h4>\n\t\t\t\t\t<div id=\"elementor-tab-content-9363\" class=\"elementor-tab-content elementor-clearfix\" data-tab=\"3\" role=\"tabpanel\" aria-labelledby=\"elementor-tab-title-9363\"><p style=\"text-align: justify;\">Garancija za hidromasa\u017eni bazen obuhvata:<\/p><ol style=\"text-align: justify;\"><li>Konstrukciju: 5 godina<\/li><li>\u0160koljku: 3 godine<\/li><li>Masa\u017ene mlaznice, ventile, odvod, jastuke, usis, bo\u010dne panele, cijevi: 2 godine<\/li><li>Elektroniku: 2 godine<\/li><li>Ostalu opremu: 2 godine<\/li><\/ol><p style=\"text-align: justify;\">Va\u017eno je pa\u017eljivo prou\u010diti i razumjeti uslove garancije za svaki dio. Du\u017eina trajanja garancije pru\u017ea indikaciju o povjerenju proizvo\u0111a\u010da u kvalitet i izdr\u017eljivost proizvoda. Ukoliko imate dodatna pitanja ili nedoumice u vezi sa garancijom, preporu\u010dujemo da nam se obratite radi dodatnih poja\u0161njenja.<\/p><\/div>\n\t\t\t\t<\/div>\n\t\t\t\t\t\t\t<div class=\"elementor-accordion-item\">\n\t\t\t\t\t<h4 id=\"elementor-tab-title-9364\" class=\"elementor-tab-title the7-accordion-header\" data-tab=\"4\" role=\"tab\" aria-controls=\"elementor-tab-content-9364\">\n\n\t\t\t\t\t\t\t\t\t\t\t\t\t<span class=\"elementor-accordion-icon elementor-accordion-icon-right\" aria-hidden=\"true\">\n\t\t\t\t\t\t\t\t\t\t\t\t\t\t\t<span class=\"elementor-accordion-icon-closed\"><i class=\"fas fa-caret-down\"><\/i><\/span>\n\t\t\t\t\t\t\t\t\t\t\t\t\t\t\t\t\t<span class=\"elementor-accordion-icon-opened\"><i class=\"fas fa-caret-up\"><\/i><\/span>\n\t\t\t\t\t\t\t\t\t\t\t\t\t\t\t\t\t\t\t\t\t\t<\/span>\n\t\t\t\t\t\t\t\t\t\t\t\t\t\t\t\t\t\t<a class=\"elementor-accordion-title\" href=\"\">Koliko \u010desto se \u010disti kartu\u0161a-platneni filter?<\/a>\n\t\t\t\t\t<\/h4>\n\t\t\t\t\t<div id=\"elementor-tab-content-9364\" class=\"elementor-tab-content elementor-clearfix\" data-tab=\"4\" role=\"tabpanel\" aria-labelledby=\"elementor-tab-title-9364\"><p style=\"text-align: justify;\">Preporu\u010duje se \u010di\u0161\u0107enje kartu\u0161e-platnenog filtera jednom nedeljno, posebno ako se bazen \u010desto koristi. Ako primjetite da je filter zaprljan ili da kvaliteta vode opada, mo\u017eda \u0107e biti potrebno \u010de\u0161\u0107e pranje kartu\u0161e. Ovo pravilo \u010di\u0161\u0107enja poma\u017ee odr\u017eavanju efikasnosti filtracije i \u010disto\u0107e vode u hidromasa\u017enom bazenu.<\/p><\/div>\n\t\t\t\t<\/div>\n\t\t\t\t\t\t\t<div class=\"elementor-accordion-item\">\n\t\t\t\t\t<h4 id=\"elementor-tab-title-9365\" class=\"elementor-tab-title the7-accordion-header\" data-tab=\"5\" role=\"tab\" aria-controls=\"elementor-tab-content-9365\">\n\n\t\t\t\t\t\t\t\t\t\t\t\t\t<span class=\"elementor-accordion-icon elementor-accordion-icon-right\" aria-hidden=\"true\">\n\t\t\t\t\t\t\t\t\t\t\t\t\t\t\t<span class=\"elementor-accordion-icon-closed\"><i class=\"fas fa-caret-down\"><\/i><\/span>\n\t\t\t\t\t\t\t\t\t\t\t\t\t\t\t\t\t<span class=\"elementor-accordion-icon-opened\"><i class=\"fas fa-caret-up\"><\/i><\/span>\n\t\t\t\t\t\t\t\t\t\t\t\t\t\t\t\t\t\t\t\t\t\t<\/span>\n\t\t\t\t\t\t\t\t\t\t\t\t\t\t\t\t\t\t<a class=\"elementor-accordion-title\" href=\"\">Koliko \u010desto treba da \u010distim hidromasa\u017eni bazen?<\/a>\n\t\t\t\t\t<\/h4>\n\t\t\t\t\t<div id=\"elementor-tab-content-9365\" class=\"elementor-tab-content elementor-clearfix\" data-tab=\"5\" role=\"tabpanel\" aria-labelledby=\"elementor-tab-title-9365\"><p style=\"text-align: justify;\">Ve\u0107ina proizvo\u0111a\u010da preporu\u010duje pra\u017enjenje i \u010di\u0161\u0107enje hidromasa\u017enog bazena ne vi\u0161e od 3 ili 4 puta godi\u0161nje. Me\u0111utim koliko \u010desto \u0107ete mjenjati vodu i \u010distiti hidromasa\u017eni bazeni zavisi od kvaliteta vode, induvidualnog pode\u0161avanja ciklusa filtracije i ozonizacije vode, koliko \u010desto ga koristite, koliko dobro odr\u017eavate vodu, koliko \u010desto perete mehani\u010dki filter. U ve\u0107ini slu\u010dajeva, ovaj jednostavan postupak \u0107e trajati otprilike samo sat vremena.<\/p><\/div>\n\t\t\t\t<\/div>\n\t\t\t\t\t\t\t<div class=\"elementor-accordion-item\">\n\t\t\t\t\t<h4 id=\"elementor-tab-title-9366\" class=\"elementor-tab-title the7-accordion-header\" data-tab=\"6\" role=\"tab\" aria-controls=\"elementor-tab-content-9366\">\n\n\t\t\t\t\t\t\t\t\t\t\t\t\t<span class=\"elementor-accordion-icon elementor-accordion-icon-right\" aria-hidden=\"true\">\n\t\t\t\t\t\t\t\t\t\t\t\t\t\t\t<span class=\"elementor-accordion-icon-closed\"><i class=\"fas fa-caret-down\"><\/i><\/span>\n\t\t\t\t\t\t\t\t\t\t\t\t\t\t\t\t\t<span class=\"elementor-accordion-icon-opened\"><i class=\"fas fa-caret-up\"><\/i><\/span>\n\t\t\t\t\t\t\t\t\t\t\t\t\t\t\t\t\t\t\t\t\t\t<\/span>\n\t\t\t\t\t\t\t\t\t\t\t\t\t\t\t\t\t\t<a class=\"elementor-accordion-title\" href=\"\">Moze li se hidromasa\u017eni bazen koristi pri niskim temperaturama?<\/a>\n\t\t\t\t\t<\/h4>\n\t\t\t\t\t<div id=\"elementor-tab-content-9366\" class=\"elementor-tab-content elementor-clearfix\" data-tab=\"6\" role=\"tabpanel\" aria-labelledby=\"elementor-tab-title-9366\"><p style=\"text-align: justify;\">Da, hidromasa\u017eni bazen mo\u017ee raditi, zagrijati vodu i koristiti se pri niskim temperaturama, pod uslovom da je opremljen odgovaraju\u0107om opremom za takve uslove. Konfiguracija i pravilan izbor opreme igraju klju\u010dnu ulogu u zadovoljstvu kori\u0161\u0107enja i funkcionalnosti u ekstremnim vremenskim uslovima. Va\u017eno je napomenuti da aktiviranje sistema protiv zamrzavanja mo\u017ee pove\u0107ati potro\u0161nju elektri\u010dne energije tokom rada hidromasa\u017enog bazena pri niskim temperaturama. Ova funkcija ima za cilj o\u010duvanje sistema i spre\u010davanje zamrzavanja vode unutar bazena i cijevi.<\/p><\/div>\n\t\t\t\t<\/div>\n\t\t\t\t\t\t\t<div class=\"elementor-accordion-item\">\n\t\t\t\t\t<h4 id=\"elementor-tab-title-9367\" class=\"elementor-tab-title the7-accordion-header\" data-tab=\"7\" role=\"tab\" aria-controls=\"elementor-tab-content-9367\">\n\n\t\t\t\t\t\t\t\t\t\t\t\t\t<span class=\"elementor-accordion-icon elementor-accordion-icon-right\" aria-hidden=\"true\">\n\t\t\t\t\t\t\t\t\t\t\t\t\t\t\t<span class=\"elementor-accordion-icon-closed\"><i class=\"fas fa-caret-down\"><\/i><\/span>\n\t\t\t\t\t\t\t\t\t\t\t\t\t\t\t\t\t<span class=\"elementor-accordion-icon-opened\"><i class=\"fas fa-caret-up\"><\/i><\/span>\n\t\t\t\t\t\t\t\t\t\t\t\t\t\t\t\t\t\t\t\t\t\t<\/span>\n\t\t\t\t\t\t\t\t\t\t\t\t\t\t\t\t\t\t<a class=\"elementor-accordion-title\" href=\"\">Da li instalirati hidromasa\u017eni bazen unutra ili napolju?<\/a>\n\t\t\t\t\t<\/h4>\n\t\t\t\t\t<div id=\"elementor-tab-content-9367\" class=\"elementor-tab-content elementor-clearfix\" data-tab=\"7\" role=\"tabpanel\" aria-labelledby=\"elementor-tab-title-9367\"><p style=\"text-align: justify;\">Hidromasa\u017eni bazen mo\u017ee biti instaliran unutar prostora, iako se u preko 90% slu\u010dajeva uklju\u010duju\u0107i i one u hladnim klimatskim uslovima, instalira napolju. Svi na\u0161i modeli su namijenjeni za outdoor- vanjsku upotrebu a mogu se instalirati i u zatvorenom prostoru. Dva glavna razmatranja pre instalacije hidromasa\u017enog bazena\u00a0u zatvorenom prostoru su: da li \u0107e pro\u0107i kroz vrata i da li je strukturna \u010dvrsto\u0107a poda adekvatna. Tipi\u010dni hidromasa\u017eni bazen za tri osobe te\u017ei otprilike oko 1.150 kg kada je napunjen.<\/p><\/div>\n\t\t\t\t<\/div>\n\t\t\t\t\t\t\t<div class=\"elementor-accordion-item\">\n\t\t\t\t\t<h4 id=\"elementor-tab-title-9368\" class=\"elementor-tab-title the7-accordion-header\" data-tab=\"8\" role=\"tab\" aria-controls=\"elementor-tab-content-9368\">\n\n\t\t\t\t\t\t\t\t\t\t\t\t\t<span class=\"elementor-accordion-icon elementor-accordion-icon-right\" aria-hidden=\"true\">\n\t\t\t\t\t\t\t\t\t\t\t\t\t\t\t<span class=\"elementor-accordion-icon-closed\"><i class=\"fas fa-caret-down\"><\/i><\/span>\n\t\t\t\t\t\t\t\t\t\t\t\t\t\t\t\t\t<span class=\"elementor-accordion-icon-opened\"><i class=\"fas fa-caret-up\"><\/i><\/span>\n\t\t\t\t\t\t\t\t\t\t\t\t\t\t\t\t\t\t\t\t\t\t<\/span>\n\t\t\t\t\t\t\t\t\t\t\t\t\t\t\t\t\t\t<a class=\"elementor-accordion-title\" href=\"\">Da li imate servisnu slu\u017ebu i rezervne dijelove?<\/a>\n\t\t\t\t\t<\/h4>\n\t\t\t\t\t<div id=\"elementor-tab-content-9368\" class=\"elementor-tab-content elementor-clearfix\" data-tab=\"8\" role=\"tabpanel\" aria-labelledby=\"elementor-tab-title-9368\"><p style=\"text-align: justify;\">Na\u0161a definicija profesionalnosti podrazumijeva brzu i efikasnu servisnu slu\u017ebu, kao i stalnu dostupnost rezervnih dijelova. Ovo je izuzetno va\u017eno kako bi se osigurala kontinuirana funkcionalnost hidromasa\u017enog bazena. Obaveza putem garantnog lista da \u0107emo obezbjediti sve rezervne dijelove i van isteka garancije, u periodu od 7 godina od trenutka kupovine, dodatno pru\u017ea sigurnost kupcima. To ukazuje na na\u0161u posve\u0107enost pru\u017eanju podr\u0161ke i odr\u017eavanju kvaliteta proizvoda i nakon zavr\u0161etka standardnog garantnog perioda. Ukoliko imate pitanja ili tra\u017eite rezervne dijelove nakon isteka garancije, ovakva praksa mo\u017ee zna\u010dajno doprineti va\u0161em zadovoljstvu i ukupnom iskustvu s proizvodom.<\/p><\/div>\n\t\t\t\t<\/div>\n\t\t\t\t\t<\/div>\n\t\t\t\t\t\t<\/div>\n\t\t\t\t<\/div>\n\t\t\t\t\t<\/div>\n\t\t<\/div>\n\t\t\t\t\t<\/div>\n\t\t<\/section>\n\t\t\t\t<\/div>\n\t\t","protected":false},"excerpt":{"rendered":"<p>Dali je potrebno dovoditi vodu i kanalizacionu mre\u017eu do hidromasa\u017enog bazena? Ne, nije potrebno. Na modelima PERFECTSPA postoji dodatna opcija za ugradnju sistema za automatsko dopunjavanje i pra\u017enjenje vode, u tom slu\u010daju na mjestu instalacije hidromasa\u017enog bazena treba obezbjediti vodu i kanalizacioni odvod. Ova opcija je pogodna kod ugradnje hidromasa\u017enog bazena u zatvoren prostor i&hellip;<\/p>\n","protected":false},"author":2,"featured_media":0,"parent":0,"menu_order":30,"comment_status":"closed","ping_status":"closed","template":"","meta":{"_monsterinsights_skip_tracking":false,"_monsterinsights_sitenote_active":false,"_monsterinsights_sitenote_note":"","_monsterinsights_sitenote_category":0,"footnotes":""},"class_list":["post-48545","page","type-page","status-publish","hentry"],"aioseo_notices":[],"_links":{"self":[{"href":"https:\/\/perfektspa.com\/index.php\/wp-json\/wp\/v2\/pages\/48545","targetHints":{"allow":["GET"]}}],"collection":[{"href":"https:\/\/perfektspa.com\/index.php\/wp-json\/wp\/v2\/pages"}],"about":[{"href":"https:\/\/perfektspa.com\/index.php\/wp-json\/wp\/v2\/types\/page"}],"author":[{"embeddable":true,"href":"https:\/\/perfektspa.com\/index.php\/wp-json\/wp\/v2\/users\/2"}],"replies":[{"embeddable":true,"href":"https:\/\/perfektspa.com\/index.php\/wp-json\/wp\/v2\/comments?post=48545"}],"version-history":[{"count":25,"href":"https:\/\/perfektspa.com\/index.php\/wp-json\/wp\/v2\/pages\/48545\/revisions"}],"predecessor-version":[{"id":55495,"href":"https:\/\/perfektspa.com\/index.php\/wp-json\/wp\/v2\/pages\/48545\/revisions\/55495"}],"wp:attachment":[{"href":"https:\/\/perfektspa.com\/index.php\/wp-json\/wp\/v2\/media?parent=48545"}],"curies":[{"name":"wp","href":"https:\/\/api.w.org\/{rel}","templated":true}]}}