{"id":56401,"date":"2023-12-23T00:12:14","date_gmt":"2023-12-22T23:12:14","guid":{"rendered":"https:\/\/perfektspa.com\/?page_id=56401"},"modified":"2024-01-11T01:06:42","modified_gmt":"2024-01-11T00:06:42","slug":"reklamacija","status":"publish","type":"page","link":"https:\/\/perfektspa.com\/index.php\/reklamacija\/","title":{"rendered":"Reklamacija"},"content":{"rendered":"\t\t<div data-elementor-type=\"wp-page\" data-elementor-id=\"56401\" class=\"elementor elementor-56401\" data-elementor-post-type=\"page\">\n\t\t\t\t<div class=\"elementor-element elementor-element-1882ffcb e-flex e-con-boxed e-con e-parent\" data-id=\"1882ffcb\" data-element_type=\"container\" data-e-type=\"container\">\n\t\t\t\t\t<div class=\"e-con-inner\">\n\t\t\t\t<div class=\"elementor-element elementor-element-5cf36161 elementor-widget elementor-widget-text-editor\" data-id=\"5cf36161\" data-element_type=\"widget\" data-e-type=\"widget\" data-widget_type=\"text-editor.default\">\n\t\t\t\t<div class=\"elementor-widget-container\">\n\t\t\t\t\t\t\t\t\t<p style=\"text-align: justify;\">Kupac ima pravo reklamacije u slu\u010daju:<\/p><ol style=\"text-align: justify;\"><li>isporuke robe koja nije naru\u010dena;<\/li><li>isporuke robe u koli\u010dinama koje nisu naru\u010dene;<\/li><li>isporuke robe koja ima materijalne nedostatke.<\/li><\/ol><p style=\"text-align: justify;\">Kupac je du\u017ean da \u017ealbu uputi elektronskim putem na e-mail perfektspabl@gmail.com ili telefonskim putem na brojeve 066\/311-388 u roku od 3 (tri) radna dana od zaklju\u010dene narud\u017ebine, tj. od datuma dostave, kao i da za predmetnu robu dostavi odgovaraju\u0107i ra\u010dun. www.perfektspa.com je du\u017ean da o \u017ealbi Kupca odlu\u010di u roku od 5 (pet) radnih dana od dana prijema \u017ealbe, i da o ishodu postupka po \u017ealbi odmah obavjesti Kupca, pismenim ili usmenim putem.<\/p><p style=\"text-align: justify;\">U slu\u010daju da \u017ealba Kupca bude uva\u017eena www.perfektspa.com ima obavezu da otkloni nedostatak na predmetnoj robi. U slu\u010daju da nedostatak na predmetnoj robi nije mogu\u0107e otkloniti, Kupac ima pravo da zahtjeva isporuku iste robe bez nedostataka ili povra\u0107aj pla\u0107enog nov\u010danog iznosa. Kupac je du\u017ean da po\u0161alje nazad predmetnu robu u roku od 5 radnih dana od dana prijema obave\u0161tenja da je \u017ealba Kupca uva\u017eena.<\/p><h2 style=\"text-align: justify;\">Otkazivanje po\u0161iljke<\/h2><p style=\"text-align: justify;\">Kupac mo\u017ee da otka\u017ee bilo koju po\u0161iljku bez naplate dodatnih tro\u0161kova ukoliko ta po\u0161iljka nije u\u0161la u proces pakovanja i pripreme za isporuku.<\/p><p style=\"text-align: justify;\">Za detaljnije informacije pozovite nas na brojeve telefona 066\/311-388 svakim radnim danom od 9 do 21 \u00a0\u010dasova ili po\u0161aljete e-mail na adresu \u00a0perfektspabl@gmail.com.<\/p>\t\t\t\t\t\t\t\t<\/div>\n\t\t\t\t<\/div>\n\t\t\t\t\t<\/div>\n\t\t\t\t<\/div>\n\t\t<div class=\"elementor-element elementor-element-13af48b e-flex e-con-boxed e-con e-parent\" data-id=\"13af48b\" data-element_type=\"container\" data-e-type=\"container\">\n\t\t\t\t\t<div class=\"e-con-inner\">\n\t\t\t\t<div class=\"elementor-element elementor-element-79fded4 elementor-widget elementor-widget-spacer\" data-id=\"79fded4\" data-element_type=\"widget\" data-e-type=\"widget\" data-widget_type=\"spacer.default\">\n\t\t\t\t<div class=\"elementor-widget-container\">\n\t\t\t\t\t\t\t<div class=\"elementor-spacer\">\n\t\t\t<div class=\"elementor-spacer-inner\"><\/div>\n\t\t<\/div>\n\t\t\t\t\t\t<\/div>\n\t\t\t\t<\/div>\n\t\t\t\t\t<\/div>\n\t\t\t\t<\/div>\n\t\t\t\t<\/div>\n\t\t","protected":false},"excerpt":{"rendered":"<p>Kupac ima pravo reklamacije u slu\u010daju: isporuke robe koja nije naru\u010dena; isporuke robe u koli\u010dinama koje nisu naru\u010dene; isporuke robe koja ima materijalne nedostatke. Kupac je du\u017ean da \u017ealbu uputi elektronskim putem na e-mail perfektspabl@gmail.com ili telefonskim putem na brojeve 066\/311-388 u roku od 3 (tri) radna dana od zaklju\u010dene narud\u017ebine, tj. od datuma dostave,&hellip;<\/p>\n","protected":false},"author":2,"featured_media":0,"parent":0,"menu_order":0,"comment_status":"closed","ping_status":"closed","template":"","meta":{"_monsterinsights_skip_tracking":false,"_monsterinsights_sitenote_active":false,"_monsterinsights_sitenote_note":"","_monsterinsights_sitenote_category":0,"footnotes":""},"class_list":["post-56401","page","type-page","status-publish","hentry"],"aioseo_notices":[],"_links":{"self":[{"href":"https:\/\/perfektspa.com\/index.php\/wp-json\/wp\/v2\/pages\/56401","targetHints":{"allow":["GET"]}}],"collection":[{"href":"https:\/\/perfektspa.com\/index.php\/wp-json\/wp\/v2\/pages"}],"about":[{"href":"https:\/\/perfektspa.com\/index.php\/wp-json\/wp\/v2\/types\/page"}],"author":[{"embeddable":true,"href":"https:\/\/perfektspa.com\/index.php\/wp-json\/wp\/v2\/users\/2"}],"replies":[{"embeddable":true,"href":"https:\/\/perfektspa.com\/index.php\/wp-json\/wp\/v2\/comments?post=56401"}],"version-history":[{"count":7,"href":"https:\/\/perfektspa.com\/index.php\/wp-json\/wp\/v2\/pages\/56401\/revisions"}],"predecessor-version":[{"id":56698,"href":"https:\/\/perfektspa.com\/index.php\/wp-json\/wp\/v2\/pages\/56401\/revisions\/56698"}],"wp:attachment":[{"href":"https:\/\/perfektspa.com\/index.php\/wp-json\/wp\/v2\/media?parent=56401"}],"curies":[{"name":"wp","href":"https:\/\/api.w.org\/{rel}","templated":true}]}}